323 + -84 + -311)?
57
Calculate 16 + -16 + (-37 - (-38 - -25)).
-24
Evaluate (508 - 506) + (1 - -38) + -105.
-64
10203 - 10097 - (0 + 23)
83
What is the value of -10 + (25 - ((-34 + 43 - 17) + (-1 - -14)))?
10
(-7 - (-16 - -9)) + (-7 + 13 - -18)
24
What is 2 + -46 + 0 + -136 + 148 - -12?
-20
24 + 8 + -2 - (-1272 - -1372)
-70
Evaluate 801 - 816 - (7 + (5 - -3)).
-30
Evaluate -3 + -44 + (-38 - -57) + -7.
-35
((29 - 33) + 8 - (-11 - (-2 + -4))) + 6
15
Calculate -6 - (-7 + -4 - (16 - 19)).
2
What is the value of -17 - (-73 - -46 - (-76 - -26))?
-40
Calculate 15 - (46 + -11 + 22 + -5 + -2 + 2).
-37
What is the value of 20 + (5 - 1 - 15)?
9
What is the value of (-86 - (-21 + -57)) + 47?
39
What is the value of 2 + 1 + 3 + -11 + (17 - (-33 - -17))?
28
Calculate 6 + -5 + 18 + -34 + 53.
38
Calculate -64 + 5 + 5 + -5 + -3 + (0 - -11).
-51
(-160 - (12 - (-30 - -53))) + 33
-116
What is -2 + 13 + 19 + -32 + -23?
-25
What is the value of -203 + 172 + 12 + 0 + 5 - 15?
-29
-61 + 47 + 24 + 10
20
(-579 - -563) + 6 + 13
3
What is -1 - 6 - (22 + (-1 - 9) - 52)?
33
Calculate (-11 - 1) + (3450 - 3410).
28
Calculate -103 - (-178 - -73) - 29.
-27
What is the value of (130 - 55 - 148) + 137?
64
116 + -173 + (1 - (-15 + 0))
-41
What is the value of -308 + 331 + (-20 - -1 - 2)?
2
Calculate (0 - (1 - (-17 + 28) - 0)) + (-50 - -2).
-38
Evaluate 18 - (-14 + -24 + 36 + -29).
49
Evaluate 3 + -4 + 3 + (-1483 - -1558).
77
Evaluate -769 + 830 - (-27 - -68).
20
(-69 - -85) + -13 + (-5 - -3)
1
What is 7 + 1 + -53 + -21 + (26 - 0)?
-40
7 + 6 + -15 - (0 + -7) - (1146 - 1146)
5
Calculate 16 + (7 - (-48 - 28)) - -4.
103
4 - (-2 - -6) - -36 - (139 - 140)
37
What is -8 + -15 + -22 + 31?
-14
Evaluate -2 - 1 - (963 - 1005).
39
-32 + (3 - 53 - 21)
-103
28 - (-2 + 0 + (5 - -5) - 12)
32
Calculate -45 - (89 + -90 + -5 + 0 - -17).
-56
Calculate 5 - -65 - (-4 + 40).
34
What is 26 + -15 - (-2 + (-4 - 18) + 9)?
26
Calculate 57 - (-18 + 12 + -18) - (-17 + -7 + 9).
96
What is the value of 4307 - 4322 - (85 - 1) - (-1 + 1)?
-99
0 - -2 - 9 - (-1 + 15 + (17 - 24))
-14
-9 - -32 - (122 + -65)
-34
Evaluate -9 - (-79 + 9 + -21 - -14).
68
Calculate -5 - -8 - -144 - (3263 + -3263).
147
Evaluate (3 - 9 - (24 + -53)) + -5.
18
What is the value of -115 - -64 - -37 - -15?
1
Calculate 5 - (13 + (10 - 25)).
7
Evaluate 23 + (-8 - 54 - (-19 + 18)).
-38
49 - 80 - -50 - (-25 + -2)
46
What is the value of 62 + (-23 + 7 - -12 - (-5 - -1)) - -11?
73
62 - ((-6 - (14 - 29 - -28)) + 10)
71
What is -11 + (-9 - -45) + -10 + (43 - -2)?
60
-5 + 10 + 9 + -1 + -13
0
Calculate -24 + 46 - 46 - -138 - (6 - -11).
97
Evaluate 3 + 9 + 24 + 32 + -46 - 44.
-22
-11 + 0 + (29 + -10 - (-22 + -32 + 17))
45
Evaluate -63 + -9 + 78 - (-45 + -5).
56
Calculate (0 - 6) + (-241 + 255 - (-1 + 8)) - 46.
-45
-28 + (52 - (-10 - -44))
-10
Calculate 1998 - 2036 - (-148 + -2 - 2).
114
What is -6 + (-17 - -3 - 59) - (-7 + -5 + 10)?
-77
What is -4 - ((449 - 537) + (0 - -17))?
67
What is the value of -1 + 1 + 0 + (-14 + (-7 - -20) - 41)?
-42
What is -5 - (50 + -13) - -110?
68
Calculate -2 + (-8 - -99) + (-82 - (-183 - -83)).
107
Calculate 4 + (-1 - (-23 - -17)) + (1 - (23 - 0)).
-13
13 + -103 - (-253 + 129)
34
Calculate 51 - -7 - 239 - -92.
-89
Evaluate 1 + -56 + (-1 - 0) + (-168 - (583 + -756)).
-51
-6 + (-17 - (10 - 8)) + (-40 - -26)
-39
Evaluate (-23 - 1) + 12 + -12 + (18 - -6) + -17.
-17
Evaluate -43 + 71 - (0 + -3 + (7 - -11)).
13
Evaluate -9 - ((7 - 16) + -42).
42
Evaluate (1 - 21) + (-38 - -58) + (8 + 23 - 8).
23
Evaluate 4 - ((-8 - (12 + -17 - (26 - 13))) + -53).
47
What is the value of -22 - (5 + -27 + 29) - -34?
5
Calculate -87 + 111 + (-11 + 11 - -12).
36
1 + 0 + 8 + (-200 - -184) - (-77 + 1)
69
Evaluate -2177 - -2087 - (-3 - 34).
-53
What is 28 - (21 + -86 - -70)?
23
Evaluate (33 - 34) + -64 + 62 + -2 + -17 + 1.
-21
Calculate 59 - (-4 - (3 - (8 - (10 - (18 - 2))))).
52
What is the value of (-24 - -44) + (-9 - 7) + -1?
3
What is 78 + (36 - 81) - (0 - 21)?
54
What is 16 - 26 - (-6 - ((-148 - 9 - -11) + 7))?
-143
(-1 - -2 - -44) + -97 + (83 - -10)
41
Calculate -93 - (-41 + (1 - 7)).
-46
-26 - (-25 + -1 + 21 + -47)
26
Evaluate (-82 - -52 - -14) + (4 - (-30 - 2)).
20
(306 - 154 - 166) + (-20 - 0)
-34
Evaluate -7 + (-19 - (5 - 14)) - (5 - -21).
-43
(-94 - -4) + (411 - 221)
100
What is the value of (-98 - 50) + 87 - -24?
-37
Evaluate -110 + 23 - 39 - -66.
-60
What is (-8 - (-16 + 17) - 98) + (4 - (27 + -8))?
-122
What is (-4 - ((-12 - -20) + -22)) + -3 + -14?
-7
What is the value of 3 + -16 + 2 + (25 - -110)?
124
What is (24 - 52) + 53 + -3?
22
What is (-9 - 1) + -20 + (-109 - -156)?
17
Evaluate (-34 - -68 - 69) + 24.
-11
What is -120 - (-139 + 71) - -80?
28
What is the value of -20 + -1 + 15 + (-21 - -4)?
-23
What is -81 + (-17 + -49 - -174)?
27
What is -8 + (2008 - 2001 - (11 + 1 + 0)) - 9?
-22
8 - 1 - -3 - (-8 + (16 - 2) - -3)
1
Evaluate (-52 + -8 - 7 - 0) + (-14 - -9) + 11.
-61
What is the value of 174 - 1 - (-1133 + 1201)?
105
Calculate (-240 - (166 + -411)) + (-79 - 0 - 1).
-75
Calculate (-1 - (3 - 1)) + -652 + 663 + 15.
23
-67 - (15 + (-62 - (17 - 42)))
-45
What is (26 - -1) + -617 + 583 + 24?
17
What is the value of 23 - 1 - 18 - -81 - (0 - (-4 + -5))?
76
What is -8 + 23 + -55 + 8 + (0 - (-2 - -9))?
-39
5 + 78 - (88 - (111 - 46))
60
Evaluate (5 - (13 + -3)) + -5 + -33 + (7 - 4).
-40
Calculate 23 + (-384 - -355) + 35 + -4.
25
What is the value of (7 - (0 + 3)) + 114 + -123 + -45 - 0?
-50
(-163 - -165) + (-44 - (8 - 4))
-46
Calculate -28 - (87 - 38 - 40).
-37
Evaluate -98 + ((0 - 11) + 8 - -9 - 10).
-102
What is (-2 - 65) + (665 - 638)?
-40
What is the value of 11 + -6 + 30 + -3 + 7 - (-22 - -25)?
36
What is the value of (2 - (-2 + 2 - -4)) + (690 - 696)?
-8
What is 0 + 2 + ((-1 - 0) + 8 - (-3412 + 3424))?
-3
What is 12 + 4 - (25 - (25 + -10)) - 84?
-78
What is the value of 7 + -87 + 11 + 1 + (6 - 3) + 0?
-65
Calculate (-1 - -10 - 5) + (-160 - -173).
17
10 + (-19 - -23) + -3 + -9 - (-3 + -40)
45
Calculate 46 + -4 + 0 - (-226 - -221).
47
-87 - (30 + -28 - 48)
-41
Calculate 2 - -24 - (463 + -510).
73
What is the value of 15 + -3 + -30 - 6?
-24
What is (-16 - (-13 + (25 - 9))) + -3 + -10?
-32
What is the value of 45 + -40 + -27 + 22 + 24?
24
Calculate 4 - 9 - (-28 - (-44 + 19)).
-2
Evaluate (-147 - -146) + (-6 - -21 - 1).
13
Evaluate (39 - -3) + -117 + (-141 - -316).
100
Calculate -182 + 217 - ((10 - (0 - 5)) + -5).
25
Evaluate 96 - (1 - (4 + 0)) - (35292 + -35267).
74
What is -25 - ((4 - 9) + 11 + 4)?
-35
Calculate 2 + 43 + -34 + 7.
18
Calculate (16 - -8) + 10 + -79.
-45
Evaluate 64 - -96 - 34 - 64.
62
0 - ((-14 - (-11 + 1 + -2) - -2) + 5)
-5
Evaluate 27 + -17 + -35 + 9 + 10 - 4.
-10
What is -4 - ((-20 - 1) + 37)?
-20
What is -38 - (-8 + -26) - (9 + 3) - 20?
-36
What is -3 - (-6 + (-10 - 20))?
33
Evaluate -20 - (18 - (14 + (1 - -5))).
-18
Calculate 15 + (47 - 23) + (2 - 10).
31
What is (19 - (-6 - -13)) + (-26 - (-28 + 15))?
-1
Evaluate (-17 - (-2 - (12 + 14))) + 1 + 0.
12
What is 10 + 0 + (21 - (29 + -5)) + 25?
32
Calculate 1 + 82 + (76 - (65 - (74 - 84))).
84
What is -3 - ((-5 - -22) + (-5 - (-9 - -1)))?
-23
Evaluate -3 + -41 + (14 - -144) + -24.
90
Calculate 8 + (4 - 1 - (-8 - (-12 - -10))) + 42.
59
What is the value of -31 - (-651 + 634 + (0 - -7)) - 4?
-25
Calculate (33 - 2) + -12 - (-59 + 36).
42
Calculate (-113 - (11 - 153)) + 11.
40
What is the value of 41 - (12 - 6) - (-58 + 36)?
57
Calculate 2 + 37 + 2 + -2 + 382 + -376.
45
What is the value of -13 + 1 + 2 + (-17 - 18) + 44 - -42?
41
(-115 - (87 - 247)) + 1 + -4 + 0 + 1
43
What is the value of -15 + (18 - 12 - 6 - -32 - 14)?
3
What is the value of -18 - (-60 - -54) - -37?
25
What is (-7 - -138) + -713 + 633?
51
Calculate 1 + 2 - (68 - 52) - (45 - 106).
48
Evaluate 49 + (-41 - -27) + 36.
71
Calculate (-2 - -1) + 17 + (131 - 18) + -64.
65
What is (-1 - -8) + (-3 - -57) + 2 + 420 + -442?
41
What is the value of 49 + 12 + -1 + 14 + (162 - 181)?
55
Evaluate (710 - 712) + 51 + 3 + -1.
51
What is the value of 8 + -35 - -29 - 16?
-14
What is the value of 53 - (-37 + 112) - (96 - (0 - 6))?
-124
Calculate 12 - -58 - (21 - -42).
7
Evaluate -14 + -1 + (0 - (11 - 20)) - (46 - 163).
111
(38 - (0 - -1)) + (-7107 - -7106)
36
Evaluate -8 + (7 - 36) - (1 - -10).
-48
Evaluate 8 + -7 + 11 + (18 - -15) 